{"id":2386,"date":"2022-02-10T21:28:46","date_gmt":"2022-02-10T20:28:46","guid":{"rendered":"https:\/\/eengoedereede.nl\/chalets-2\/"},"modified":"2022-06-27T12:25:33","modified_gmt":"2022-06-27T10:25:33","slug":"chalets-2","status":"publish","type":"page","link":"https:\/\/eengoedereede.nl\/de\/chalets-2\/","title":{"rendered":"Chalets"},"content":{"rendered":"\n<div class=\"wp-block-getwid-section alignfull alignfull\"><div class=\"wp-block-getwid-section__wrapper\"><div class=\"wp-block-getwid-section__inner-wrapper\"><div class=\"wp-block-getwid-section__background-holder\"><div class=\"wp-block-getwid-section__background\"><\/div><div class=\"wp-block-getwid-section__foreground\"><\/div><\/div><div class=\"wp-block-getwid-section__content\"><div class=\"wp-block-getwid-section__inner-content\">\n<h2 class=\"wp-block-heading\" id=\"de-knusse-chalets-zijn-van-alle-gemakken-voorzien\">Die gem\u00fctlichen Chalets sind komfortabel ausgestattet und es wird Ihnen an nichts fehlen<\/h2>\n\n\n\n<p class=\"has-text-align-left\">Es gibt einen Sitzbereich mit Fernseher, sowie eine K\u00fcchenecke mit Kaffee- und Teezubereitung und K\u00fchlschrank. Ein himmlisches Doppelbett und ein eigenes Badezimmer mit Dusche und WC schenken Ihnen eine erholsame Nachtruhe. Morgens wachen Sie erholt mit Blick auf den Polder auf. Zusammen mit frischem Kaffee oder Tee servieren wir ein k\u00f6stliches Fr\u00fchst\u00fcck auf der Terrasse des Chalets. F\u00fcr das Fr\u00fchst\u00fcck verwenden wir so weit wie m\u00f6glich regionale Produkte und Leckereien. Die Buchung der Chalets erfolgt f\u00fcr mindestens 2 N\u00e4chte.<\/p>\n\n\n\n<p><\/p>\n\n\n\n<div class=\"wp-block-columns is-layout-flex wp-container-core-columns-is-layout-9d6595d7 wp-block-columns-is-layout-flex\">\n<div class=\"wp-block-column is-layout-flow wp-block-column-is-layout-flow\">\n<div class=\"wp-block-getwid-icon-box has-icon-left has-text-center\"><div style=\"margin-top:6px\" class=\"wp-block-getwid-icon-box__icon-container has-layout-stacked is-position-top\"><div class=\"wp-block-getwid-icon-box__icon-wrapper has-background has-text-color has-white-color\" style=\"font-size:40px;background-color:#6e9338\"><i class=\"hotel-ico hotel-icon-05\"><\/i><\/div><\/div><div class=\"wp-block-getwid-icon-box__content\">\n<h4 class=\"has-text-align-left wp-block-heading\" id=\"eigen-badkamer\">Doppelbett<\/h4>\n<\/div><\/div>\n<\/div>\n\n\n\n<div class=\"wp-block-column is-layout-flow wp-block-column-is-layout-flow\">\n<div class=\"wp-block-getwid-icon-box has-icon-left has-text-center\"><div style=\"margin-top:6px\" class=\"wp-block-getwid-icon-box__icon-container has-layout-stacked is-position-top\"><div class=\"wp-block-getwid-icon-box__icon-wrapper has-background has-text-color has-white-color\" style=\"font-size:40px;background-color:#6e9338\"><i class=\"hotel-ico hotel-icon-10\"><\/i><\/div><\/div><div class=\"wp-block-getwid-icon-box__content\">\n<h4 class=\"has-text-align-left wp-block-heading\" id=\"eigen-badkamer\">Privates Badezimmer<\/h4>\n<\/div><\/div>\n<\/div>\n\n\n\n<div class=\"wp-block-column is-layout-flow wp-block-column-is-layout-flow\">\n<div class=\"wp-block-getwid-icon-box has-icon-left has-text-center\"><div style=\"margin-top:6px\" class=\"wp-block-getwid-icon-box__icon-container has-layout-stacked is-position-top\"><div class=\"wp-block-getwid-icon-box__icon-wrapper has-background has-text-color has-white-color\" style=\"font-size:40px;background-color:#6e9338\"><i class=\"hotel-ico hotel-icon-14\"><\/i><\/div><\/div><div class=\"wp-block-getwid-icon-box__content\">\n<h4 class=\"has-text-align-left wp-block-heading\" id=\"ontbijt-op-eigen-veranda\">Fr\u00fchst\u00fcck auf Ihrer eigenen Terrasse<\/h4>\n<\/div><\/div>\n<\/div>\n<\/div>\n<\/div><\/div><\/div><\/div><\/div>\n\n\n\n<div style=\"height:31px\" aria-hidden=\"true\" class=\"wp-block-spacer\"><\/div>\n\n\n<div class=\"mphb_sc_rooms-wrapper mphb-room-types is-style-default alignwide\">\t<div class=\"mphb-room-types-wrapper\">\n\t\n<div class=\"mphb-room-type post-2419 mphb_room_type type-mphb_room_type status-publish has-post-thumbnail mphb_room_type_facility-kitchenette-without-cooking-possibility mphb-room-type-adults-2 mphb-room-type-children-0 \">\n\n                <div class=\"room-images-wrapper\">\n            \n\n\t<p class=\"post-thumbnail mphb-loop-room-thumbnail\">\n\t<a href=\"https:\/\/eengoedereede.nl\/de\/accommodation\/doppelbett-chalet\/\">\n\t<img loading=\"lazy\" decoding=\"async\" width=\"992\" height=\"992\" src=\"https:\/\/eengoedereede.nl\/wp-content\/uploads\/2021\/11\/DSC_0578-2-992x992.jpg\" class=\"attachment-luviana-square size-luviana-square wp-post-image\" alt=\"\" srcset=\"https:\/\/eengoedereede.nl\/wp-content\/uploads\/2021\/11\/DSC_0578-2-992x992.jpg 992w, https:\/\/eengoedereede.nl\/wp-content\/uploads\/2021\/11\/DSC_0578-2-scaled-300x300.jpg 300w, https:\/\/eengoedereede.nl\/wp-content\/uploads\/2021\/11\/DSC_0578-2-scaled-100x100.jpg 100w, https:\/\/eengoedereede.nl\/wp-content\/uploads\/2021\/11\/DSC_0578-2-150x150.jpg 150w\" sizes=\"auto, (max-width: 992px) 100vw, 992px\" \/>\t<\/a>\n\n\t<\/p>\n        <\/div>\n                <div class=\"room-description-wrapper\">\n            <div class=\"room-description-inner-wrapper\">\n                                    <div class=\"room-details\">\n                        \n<h2 class=\"mphb-room-type-title entry-title\">\n\n<a class=\"mphb-room-type-title\" href=\"https:\/\/eengoedereede.nl\/de\/accommodation\/doppelbett-chalet\/\">Doppelbett chalet<\/a>\n\n<\/h2>\n\n<p>Es gibt einen Sitzbereich mit Fernseher, sowie eine K\u00fcchenecke mit Kaffee- und Teezubereitung und K\u00fchlschrank. Ein himmlisches Doppelbett und ein eigenes Badezimmer mit Dusche und WC schenken Ihnen eine erholsame Nachtruhe. Morgens wachen Sie erholt mit Blick auf den Polder auf. Zusammen mit frischem Kaffee oder Tee servieren wir ein k\u00f6stliches Fr\u00fchst\u00fcck auf der Terrasse [&hellip;]<\/p>\n\n\n<h3 class=\"mphb-room-type-details-title\">Details<\/h3><ul class=\"mphb-loop-room-type-attributes\">\n\n\n\t<li class=\"mphb-room-type-adults-capacity\"><span class=\"mphb-attribute-title mphb-adults-title\">G\u00e4ste:<\/span><span class=\"mphb-attribute-value\">\n\t2\n\t<\/span><\/li>\n\t\n\n\n\t<li class=\"mphb-room-type-view\"><span class=\"mphb-attribute-title mphb-view-title\">Ansicht:<\/span><span class=\"mphb-attribute-value\">\n\tBlick auf den Polder\n\t<\/span><\/li>\n\t\n\n\n\t<li class=\"mphb-room-type-size\"><span class=\"mphb-attribute-title mphb-size-title\">Gr\u00f6\u00dfe:<\/span><span class=\"mphb-attribute-value\">\n\t35m\u00b2\n\t<\/span><\/li>\n\t\n\n\t<li class=\"mphb-room-type-bed-type\"><span  class=\"mphb-attribute-title mphb-bed-type-title\">Bettentyp:<\/span><span class=\"mphb-attribute-value\">\n\tDoppelbett\n\t<\/span><\/li>\n\t\n\n\n\t<li class=\"mphb-room-type-facilities\"><span class=\"mphb-attribute-title mphb-facilities-title\">Ausstattungen:<\/span><span class=\"mphb-attribute-value\"> <span class=\"facility-kitchenette-without-cooking-possibility\"><a href=\"https:\/\/eengoedereede.nl\/en\/accommodation-facility\/kitchenette-without-cooking-possibility\/\">kitchenette (without cooking possibility)<\/a><\/span><\/span><\/li>\n\t\n<\/ul>                    <\/div>\n                                    <div class=\"room-booking-details\">\n                        \n\n\t<p class=\"mphb-regular-price\"><strong>Preis von:<\/strong>\n\t<span class=\"mphb-price\"><span class=\"mphb-currency\">&euro;<\/span>320<\/span> <span class=\"mphb-price-period\" title=\"W\u00e4hlen Sie Daten, um relevante Preise zu sehen\">f\u00fcr 2 N\u00e4chte<\/span>\n\t<\/p>\n\t\n<div class=\"mphb-to-book-btn-wrapper\">\n<form action=\"https:\/\/eengoedereede.nl\/de\/accommodation\/doppelbett-chalet\/#booking-form-2419\" method=\"get\" ><button type=\"submit\" class=\"button mphb-book-button\" >Buchen<\/button><\/form>\n<br\/><\/div>                    <\/div>\n                            <\/div>\n        <\/div>\n    \n    \n<\/div>\n\n\t<\/div>\n\t<\/div>","protected":false},"excerpt":{"rendered":"<p>Das B&amp;B liegt idyllisch in Oostdijk zwischen den beiden Orten Ouddorp und Goedereede. Die Chalets befinden sich zwischen dem Rand der D\u00fcnen, die am Naturschutzgebiet &#8222;De kwade hoek&#8220; enden, und dem Polder &#8222;oude Oostdijk&#8220;.<\/p>\n","protected":false},"author":1,"featured_media":2292,"parent":0,"menu_order":0,"comment_status":"closed","ping_status":"closed","template":"","meta":{"footnotes":""},"class_list":["post-2386","page","type-page","status-publish","has-post-thumbnail","hentry"],"jetpack_sharing_enabled":true,"_links":{"self":[{"href":"https:\/\/eengoedereede.nl\/de\/wp-json\/wp\/v2\/pages\/2386","targetHints":{"allow":["GET"]}}],"collection":[{"href":"https:\/\/eengoedereede.nl\/de\/wp-json\/wp\/v2\/pages"}],"about":[{"href":"https:\/\/eengoedereede.nl\/de\/wp-json\/wp\/v2\/types\/page"}],"author":[{"embeddable":true,"href":"https:\/\/eengoedereede.nl\/de\/wp-json\/wp\/v2\/users\/1"}],"replies":[{"embeddable":true,"href":"https:\/\/eengoedereede.nl\/de\/wp-json\/wp\/v2\/comments?post=2386"}],"version-history":[{"count":2,"href":"https:\/\/eengoedereede.nl\/de\/wp-json\/wp\/v2\/pages\/2386\/revisions"}],"predecessor-version":[{"id":2463,"href":"https:\/\/eengoedereede.nl\/de\/wp-json\/wp\/v2\/pages\/2386\/revisions\/2463"}],"wp:featuredmedia":[{"embeddable":true,"href":"https:\/\/eengoedereede.nl\/de\/wp-json\/wp\/v2\/media\/2292"}],"wp:attachment":[{"href":"https:\/\/eengoedereede.nl\/de\/wp-json\/wp\/v2\/media?parent=2386"}],"curies":[{"name":"wp","href":"https:\/\/api.w.org\/{rel}","templated":true}]}}

<div class="wp-block-getwid-section alignfull alignfull"><div class="wp-block-getwid-section__wrapper"><div class="wp-block-getwid-section__inner-wrapper"><div class="wp-block-getwid-section__background-holder"><div class="wp-block-getwid-section__background"></div><div class="wp-block-getwid-section__foreground"></div></div><div class="wp-block-getwid-section__content"><div class="wp-block-getwid-section__inner-content">
<h2 class="wp-block-heading" id="de-knusse-chalets-zijn-van-alle-gemakken-voorzien">Die gemütlichen Chalets sind komfortabel ausgestattet und es wird Ihnen an nichts fehlen</h2>



<p class="has-text-align-left">Es gibt einen Sitzbereich mit Fernseher, sowie eine Küchenecke mit Kaffee- und Teezubereitung und Kühlschrank. Ein himmlisches Doppelbett und ein eigenes Badezimmer mit Dusche und WC schenken Ihnen eine erholsame Nachtruhe. Morgens wachen Sie erholt mit Blick auf den Polder auf. Zusammen mit frischem Kaffee oder Tee servieren wir ein köstliches Frühstück auf der Terrasse des Chalets. Für das Frühstück verwenden wir so weit wie möglich regionale Produkte und Leckereien. Die Buchung der Chalets erfolgt für mindestens 2 Nächte.</p>



<p></p>



<div class="wp-block-columns is-layout-flex wp-container-core-columns-is-layout-9d6595d7 wp-block-columns-is-layout-flex">
<div class="wp-block-column is-layout-flow wp-block-column-is-layout-flow">
<div class="wp-block-getwid-icon-box has-icon-left has-text-center"><div style="margin-top:6px" class="wp-block-getwid-icon-box__icon-container has-layout-stacked is-position-top"><div class="wp-block-getwid-icon-box__icon-wrapper has-background has-text-color has-white-color" style="font-size:40px;background-color:#6e9338"><i class="hotel-ico hotel-icon-05"></i></div></div><div class="wp-block-getwid-icon-box__content">
<h4 class="has-text-align-left wp-block-heading" id="eigen-badkamer">Doppelbett</h4>
</div></div>
</div>



<div class="wp-block-column is-layout-flow wp-block-column-is-layout-flow">
<div class="wp-block-getwid-icon-box has-icon-left has-text-center"><div style="margin-top:6px" class="wp-block-getwid-icon-box__icon-container has-layout-stacked is-position-top"><div class="wp-block-getwid-icon-box__icon-wrapper has-background has-text-color has-white-color" style="font-size:40px;background-color:#6e9338"><i class="hotel-ico hotel-icon-10"></i></div></div><div class="wp-block-getwid-icon-box__content">
<h4 class="has-text-align-left wp-block-heading" id="eigen-badkamer">Privates Badezimmer</h4>
</div></div>
</div>



<div class="wp-block-column is-layout-flow wp-block-column-is-layout-flow">
<div class="wp-block-getwid-icon-box has-icon-left has-text-center"><div style="margin-top:6px" class="wp-block-getwid-icon-box__icon-container has-layout-stacked is-position-top"><div class="wp-block-getwid-icon-box__icon-wrapper has-background has-text-color has-white-color" style="font-size:40px;background-color:#6e9338"><i class="hotel-ico hotel-icon-14"></i></div></div><div class="wp-block-getwid-icon-box__content">
<h4 class="has-text-align-left wp-block-heading" id="ontbijt-op-eigen-veranda">Frühstück auf Ihrer eigenen Terrasse</h4>
</div></div>
</div>
</div>
</div></div></div></div></div>



<div style="height:31px" aria-hidden="true" class="wp-block-spacer"></div>


<div class="mphb_sc_rooms-wrapper mphb-room-types is-style-default alignwide">	<div class="mphb-room-types-wrapper">
	
<div class="mphb-room-type post-2419 mphb_room_type type-mphb_room_type status-publish has-post-thumbnail mphb_room_type_facility-kitchenette-without-cooking-possibility mphb-room-type-adults-2 mphb-room-type-children-0 ">

                <div class="room-images-wrapper">
            

	<p class="post-thumbnail mphb-loop-room-thumbnail">
	<a href="https://eengoedereede.nl/de/accommodation/doppelbett-chalet/">
	<img loading="lazy" decoding="async" width="992" height="992" src="https://eengoedereede.nl/wp-content/uploads/2021/11/DSC_0578-2-992x992.jpg" class="attachment-luviana-square size-luviana-square wp-post-image" alt="" srcset="https://eengoedereede.nl/wp-content/uploads/2021/11/DSC_0578-2-992x992.jpg 992w, https://eengoedereede.nl/wp-content/uploads/2021/11/DSC_0578-2-scaled-300x300.jpg 300w, https://eengoedereede.nl/wp-content/uploads/2021/11/DSC_0578-2-scaled-100x100.jpg 100w, https://eengoedereede.nl/wp-content/uploads/2021/11/DSC_0578-2-150x150.jpg 150w" sizes="auto, (max-width: 992px) 100vw, 992px" />	</a>

	</p>
        </div>
                <div class="room-description-wrapper">
            <div class="room-description-inner-wrapper">
                                    <div class="room-details">
                        
<h2 class="mphb-room-type-title entry-title">

<a class="mphb-room-type-title" href="https://eengoedereede.nl/de/accommodation/doppelbett-chalet/">Doppelbett chalet</a>

</h2>

<p>Es gibt einen Sitzbereich mit Fernseher, sowie eine Küchenecke mit Kaffee- und Teezubereitung und Kühlschrank. Ein himmlisches Doppelbett und ein eigenes Badezimmer mit Dusche und WC schenken Ihnen eine erholsame Nachtruhe. Morgens wachen Sie erholt mit Blick auf den Polder auf. Zusammen mit frischem Kaffee oder Tee servieren wir ein köstliches Frühstück auf der Terrasse [&hellip;]</p>


<h3 class="mphb-room-type-details-title">Details</h3><ul class="mphb-loop-room-type-attributes">


	<li class="mphb-room-type-adults-capacity"><span class="mphb-attribute-title mphb-adults-title">Gäste:</span><span class="mphb-attribute-value">
	2
	</span></li>
	


	<li class="mphb-room-type-view"><span class="mphb-attribute-title mphb-view-title">Ansicht:</span><span class="mphb-attribute-value">
	Blick auf den Polder
	</span></li>
	


	<li class="mphb-room-type-size"><span class="mphb-attribute-title mphb-size-title">Größe:</span><span class="mphb-attribute-value">
	35m²
	</span></li>
	

	<li class="mphb-room-type-bed-type"><span  class="mphb-attribute-title mphb-bed-type-title">Bettentyp:</span><span class="mphb-attribute-value">
	Doppelbett
	</span></li>
	


	<li class="mphb-room-type-facilities"><span class="mphb-attribute-title mphb-facilities-title">Ausstattungen:</span><span class="mphb-attribute-value"> <span class="facility-kitchenette-without-cooking-possibility"><a href="https://eengoedereede.nl/en/accommodation-facility/kitchenette-without-cooking-possibility/">kitchenette (without cooking possibility)</a></span></span></li>
	
</ul>                    </div>
                                    <div class="room-booking-details">
                        

	<p class="mphb-regular-price"><strong>Preis von:</strong>
	<span class="mphb-price"><span class="mphb-currency">&euro;</span>320</span> <span class="mphb-price-period" title="Wählen Sie Daten, um relevante Preise zu sehen">für 2 Nächte</span>
	</p>
	
<div class="mphb-to-book-btn-wrapper">
<form action="https://eengoedereede.nl/de/accommodation/doppelbett-chalet/#booking-form-2419" method="get" ><button type="submit" class="button mphb-book-button" >Buchen</button></form>
<br/></div>                    </div>
                            </div>
        </div>
    
    
</div>

	</div>
	</div>

<p>Das B&amp;B liegt idyllisch in Oostdijk zwischen den beiden Orten Ouddorp und Goedereede. Die Chalets befinden sich zwischen dem Rand der Dünen, die am Naturschutzgebiet &#8222;De kwade hoek&#8220; enden, und dem Polder &#8222;oude Oostdijk&#8220;.</p>
